{"id":9697,"date":"2020-07-30T03:18:50","date_gmt":"2020-07-30T08:18:50","guid":{"rendered":"http:\/\/www.clinicaazul.co\/?page_id=9697"},"modified":"2025-08-13T17:00:42","modified_gmt":"2025-08-13T22:00:42","slug":"hospitalarios","status":"publish","type":"page","link":"https:\/\/azulcima.com\/index.php\/hospitalarios\/","title":{"rendered":"Hospitalarios"},"content":{"rendered":"<div class=\"wpb-content-wrapper\"><p>[vc_row full_width=&#8221;stretch_row&#8221; tlg_large_container=&#8221;extra-container&#8221; tlg_padding=&#8221;pt180 pb180 pt-xs-80 pb-xs-80&#8243; css=&#8221;.vc_custom_1598104322231{background: #ffffff url(http:\/\/azulcima.com\/wp-content\/uploads\/2020\/05\/imagen_cifras.jpg?id=8879) !important;}&#8221;][vc_column]<div class=\"tlg-spacer  \" data-height=\"80\" data-height-tablet=\"60\" data-height-mobile=\"50\" style=\"clear:both;display:block;height:80px;\"><\/div>[\/vc_column][\/vc_row][vc_row css_animation=&#8221;slideInUp&#8221; tlg_padding=&#8221;pb0&#8243; css=&#8221;.vc_custom_1590698168137{background-color: #ffffff !important;}&#8221;][vc_column]<div class=\"headings-title \"><div class=\"mb0 mb-xs-40 text-left\"><h1 style=\"color:#00498b!important;font-size:52px;line-height:62px;letter-spacing:1px!important;text-transform: none!important;\" class=\"widgettitle mb0\">Hospitalarios<\/h1><\/div><\/div>[\/vc_column][\/vc_row][vc_row css_animation=&#8221;fadeInUp&#8221; tlg_text_align=&#8221;text-left&#8221; tlg_vertical_align=&#8221;yes&#8221; tlg_equal_height=&#8221;equal-height&#8221;][vc_column css_animation=&#8221;none&#8221;]<div id=\"iconbox-69e1583bbdaaf\" class=\"   \"><div class=\"icon-link\"><a class=\"inherit\" href= \"http:\/\/azulcima.com\/index.php\/urgencias\/\" target=\"_self\" ><div class=\"display-table mb-xs-24 text-left\">\n\t\t\t\t    \t\t<div class=\"display-cell \"><i  class=\"  inline-block mr-30 icon-text icon-lg\"><\/i><\/div>\n\t\t\t\t    \t\t<div class=\"display-cell\"><h5 style=\"color:#004988!important;font-size:30px!important;line-height:40px;text-transform: none!important;\" class=\"widgettitle \">Urgencias<\/h5><\/div>\n\t\t\t\t    \t<\/div><\/a><\/div><\/div><div id=\"iconbox-69e1583bbdaf1\" class=\"   \"><div class=\"icon-link\"><a class=\"inherit\" href= \"http:\/\/azulcima.com\/index.php\/hospitalizacion\/\" target=\"_self\" ><div class=\"display-table mb-xs-24 text-left\">\n\t\t\t\t    \t\t<div class=\"display-cell \"><i  class=\"  inline-block mr-30 icon-text icon-lg\"><\/i><\/div>\n\t\t\t\t    \t\t<div class=\"display-cell\"><h5 style=\"color:#004988!important;font-size:30px!important;line-height:40px;text-transform: none!important;\" class=\"widgettitle \">Hospitalizaci\u00f3n<\/h5><\/div>\n\t\t\t\t    \t<\/div><\/a><\/div><\/div><div id=\"iconbox-69e1583bbdb16\" class=\"   \"><div class=\"icon-link\"><a class=\"inherit\" href= \"http:\/\/azulcima.com\/index.php\/cuidados-intensivos\/\" target=\"_self\" ><div class=\"display-table mb-xs-24 text-left\">\n\t\t\t\t    \t\t<div class=\"display-cell \"><i  class=\"  inline-block mr-30 icon-text icon-lg\"><\/i><\/div>\n\t\t\t\t    \t\t<div class=\"display-cell\"><h5 style=\"color:#004988!important;font-size:30px!important;line-height:40px;text-transform: none!important;\" class=\"widgettitle \">Cuidados intensivos<\/h5><\/div>\n\t\t\t\t    \t<\/div><\/a><\/div><\/div><div id=\"iconbox-69e1583bbdb37\" class=\"   \"><div class=\"icon-link\"><a class=\"inherit\" href= \"http:\/\/azulcima.com\/index.php\/cirugia\/\" target=\"_self\" ><div class=\"display-table mb-xs-24 text-left\">\n\t\t\t\t    \t\t<div class=\"display-cell \"><i  class=\"  inline-block mr-30 icon-text icon-lg\"><\/i><\/div>\n\t\t\t\t    \t\t<div class=\"display-cell\"><h5 style=\"color:#004988!important;font-size:30px!important;line-height:40px;text-transform: none!important;\" class=\"widgettitle \">Cirug\u00eda<\/h5><\/div>\n\t\t\t\t    \t<\/div><\/a><\/div><\/div><div id=\"iconbox-69e1583bbdb55\" class=\"   \"><div class=\"icon-link\"><a class=\"inherit\" href= \"http:\/\/azulcima.com\/index.php\/medicina-interna\/\" target=\"_self\" ><div class=\"display-table mb-xs-24 text-left\">\n\t\t\t\t    \t\t<div class=\"display-cell \"><i  class=\"  inline-block mr-30 icon-text icon-lg\"><\/i><\/div>\n\t\t\t\t    \t\t<div class=\"display-cell\"><h5 style=\"color:#004988!important;font-size:30px!important;line-height:40px;text-transform: none!important;\" class=\"widgettitle \">Medicina interna<\/h5><\/div>\n\t\t\t\t    \t<\/div><\/a><\/div><\/div><div id=\"iconbox-69e1583bbdb79\" class=\"   \"><div class=\"icon-link\"><a class=\"inherit\" href= \"http:\/\/azulcima.com\/index.php\/cardiologia-2\/\" target=\"_self\" ><div class=\"display-table mb-xs-24 text-left\">\n\t\t\t\t    \t\t<div class=\"display-cell \"><i  class=\"  inline-block mr-30 icon-text icon-lg\"><\/i><\/div>\n\t\t\t\t    \t\t<div class=\"display-cell\"><h5 style=\"color:#004988!important;font-size:30px!important;line-height:40px;text-transform: none!important;\" class=\"widgettitle \">Cardiolog\u00eda<\/h5><\/div>\n\t\t\t\t    \t<\/div><\/a><\/div><\/div><div id=\"iconbox-69e1583bbdb9b\" class=\"   \"><div class=\"icon-link\"><a class=\"inherit\" href= \"http:\/\/azulcima.com\/index.php\/terapia-fisica-y-respiratoria\/\" target=\"_self\" ><div class=\"display-table mb-xs-24 text-left\">\n\t\t\t\t    \t\t<div class=\"display-cell \"><i  class=\"  inline-block mr-30 icon-text icon-lg\"><\/i><\/div>\n\t\t\t\t    \t\t<div class=\"display-cell\"><h5 style=\"color:#004988!important;font-size:30px!important;line-height:40px;text-transform: none!important;\" class=\"widgettitle \">Terapia f\u00edsica y respiratoria<\/h5><\/div>\n\t\t\t\t    \t<\/div><\/a><\/div><\/div><div class=\"tlg-spacer  \" data-height=\"40\" data-height-tablet=\"30\" data-height-mobile=\"25\" style=\"clear:both;display:block;height:40px;\"><\/div>[\/vc_column][\/vc_row]<\/p>\n<\/div>","protected":false},"excerpt":{"rendered":"<p>[vc_row full_width=&#8221;stretch_row&#8221; tlg_large_container=&#8221;extra-container&#8221; tlg_padding=&#8221;pt180 pb180 pt-xs-80 pb-xs-80&#8243; css=&#8221;.vc_custom_1598104322231{background: #ffffff url(http:\/\/azulcima.com\/wp-content\/uploads\/2020\/05\/imagen_cifras.jpg?id=8879) !important;}&#8221;][vc_column][\/vc_column][\/vc_row][vc_row css_animation=&#8221;slideInUp&#8221; tlg_padding=&#8221;pb0&#8243; css=&#8221;.vc_custom_1590698168137{background-color: #ffffff !important;}&#8221;][vc_column][\/vc_column][\/vc_row][vc_row css_animation=&#8221;fadeInUp&#8221; tlg_text_align=&#8221;text-left&#8221; tlg_vertical_align=&#8221;yes&#8221; tlg_equal_height=&#8221;equal-height&#8221;][vc_column css_animation=&#8221;none&#8221;][\/vc_column][\/vc_row]<\/p>\n","protected":false},"author":3,"featured_media":0,"parent":0,"menu_order":0,"comment_status":"closed","ping_status":"closed","template":"","meta":{"footnotes":""},"class_list":["post-9697","page","type-page","status-publish","hentry"],"yoast_head":"<!-- This site is optimized with the Yoast SEO plugin v23.5 - https:\/\/yoast.com\/wordpress\/plugins\/seo\/ -->\n<title>Hospitalarios | Azul Cima | Im\u00e1genes diagnosticas Bogot\u00e1<\/title>\n<meta name=\"description\" content=\"Conoce m\u00e1s informaci\u00f3n sobre los servicios hospitalaraios que tenemos desponibles en Azul Cima especialmente para ti.\" \/>\n<meta name=\"robots\" content=\"index, follow, max-snippet:-1, max-image-preview:large, max-video-preview:-1\" \/>\n<link rel=\"canonical\" href=\"https:\/\/azulcima.com\/index.php\/hospitalarios\/\" \/>\n<meta property=\"og:locale\" content=\"es_ES\" \/>\n<meta property=\"og:type\" content=\"article\" \/>\n<meta property=\"og:title\" content=\"Hospitalarios | Azul Cima | Im\u00e1genes diagnosticas Bogot\u00e1\" \/>\n<meta property=\"og:description\" content=\"Conoce m\u00e1s informaci\u00f3n sobre los servicios hospitalaraios que tenemos desponibles en Azul Cima especialmente para ti.\" \/>\n<meta property=\"og:url\" content=\"https:\/\/azulcima.com\/index.php\/hospitalarios\/\" \/>\n<meta property=\"og:site_name\" content=\"M\u00e1s que una cl\u00ednica, una experiencia en salud | Azul Cima\" \/>\n<meta property=\"article:modified_time\" content=\"2025-08-13T22:00:42+00:00\" \/>\n<meta name=\"twitter:card\" content=\"summary_large_image\" \/>\n<meta name=\"twitter:label1\" content=\"Tiempo de lectura\" \/>\n\t<meta name=\"twitter:data1\" content=\"1 minuto\" \/>\n<script type=\"application\/ld+json\" class=\"yoast-schema-graph\">{\"@context\":\"https:\/\/schema.org\",\"@graph\":[{\"@type\":\"WebPage\",\"@id\":\"https:\/\/azulcima.com\/index.php\/hospitalarios\/\",\"url\":\"https:\/\/azulcima.com\/index.php\/hospitalarios\/\",\"name\":\"Hospitalarios | Azul Cima | Im\u00e1genes diagnosticas Bogot\u00e1\",\"isPartOf\":{\"@id\":\"https:\/\/azulcima.com\/#website\"},\"datePublished\":\"2020-07-30T08:18:50+00:00\",\"dateModified\":\"2025-08-13T22:00:42+00:00\",\"description\":\"Conoce m\u00e1s informaci\u00f3n sobre los servicios hospitalaraios que tenemos desponibles en Azul Cima especialmente para ti.\",\"breadcrumb\":{\"@id\":\"https:\/\/azulcima.com\/index.php\/hospitalarios\/#breadcrumb\"},\"inLanguage\":\"es-CO\",\"potentialAction\":[{\"@type\":\"ReadAction\",\"target\":[\"https:\/\/azulcima.com\/index.php\/hospitalarios\/\"]}]},{\"@type\":\"BreadcrumbList\",\"@id\":\"https:\/\/azulcima.com\/index.php\/hospitalarios\/#breadcrumb\",\"itemListElement\":[{\"@type\":\"ListItem\",\"position\":1,\"name\":\"Home\",\"item\":\"https:\/\/azulcima.com\/\"},{\"@type\":\"ListItem\",\"position\":2,\"name\":\"Hospitalarios\"}]},{\"@type\":\"WebSite\",\"@id\":\"https:\/\/azulcima.com\/#website\",\"url\":\"https:\/\/azulcima.com\/\",\"name\":\"M\u00e1s que una cl\u00ednica, una experiencia en salud | Azul Cima\",\"description\":\"M\u00e1s que una cl\u00ednica, una experiencia en salud |  Somos Azul Cima una de las m\u00e1s innovadoras de Colombia, pensada para brindarte una experiencia en Salud, con servicios de alta complejidad.\",\"publisher\":{\"@id\":\"https:\/\/azulcima.com\/#organization\"},\"potentialAction\":[{\"@type\":\"SearchAction\",\"target\":{\"@type\":\"EntryPoint\",\"urlTemplate\":\"https:\/\/azulcima.com\/?s={search_term_string}\"},\"query-input\":{\"@type\":\"PropertyValueSpecification\",\"valueRequired\":true,\"valueName\":\"search_term_string\"}}],\"inLanguage\":\"es-CO\"},{\"@type\":\"Organization\",\"@id\":\"https:\/\/azulcima.com\/#organization\",\"name\":\"Clinica Azul - Una Experiencia en Salud\",\"url\":\"https:\/\/azulcima.com\/\",\"logo\":{\"@type\":\"ImageObject\",\"inLanguage\":\"es-CO\",\"@id\":\"https:\/\/azulcima.com\/#\/schema\/logo\/image\/\",\"url\":\"http:\/\/azulcima.com\/wp-content\/uploads\/2020\/05\/logo_clinicaAzul_color2X.png\",\"contentUrl\":\"http:\/\/azulcima.com\/wp-content\/uploads\/2020\/05\/logo_clinicaAzul_color2X.png\",\"width\":664,\"height\":132,\"caption\":\"Clinica Azul - Una Experiencia en Salud\"},\"image\":{\"@id\":\"https:\/\/azulcima.com\/#\/schema\/logo\/image\/\"}}]}<\/script>\n<!-- \/ Yoast SEO plugin. -->","yoast_head_json":{"title":"Hospitalarios | Azul Cima | Im\u00e1genes diagnosticas Bogot\u00e1","description":"Conoce m\u00e1s informaci\u00f3n sobre los servicios hospitalaraios que tenemos desponibles en Azul Cima especialmente para ti.","robots":{"index":"index","follow":"follow","max-snippet":"max-snippet:-1","max-image-preview":"max-image-preview:large","max-video-preview":"max-video-preview:-1"},"canonical":"https:\/\/azulcima.com\/index.php\/hospitalarios\/","og_locale":"es_ES","og_type":"article","og_title":"Hospitalarios | Azul Cima | Im\u00e1genes diagnosticas Bogot\u00e1","og_description":"Conoce m\u00e1s informaci\u00f3n sobre los servicios hospitalaraios que tenemos desponibles en Azul Cima especialmente para ti.","og_url":"https:\/\/azulcima.com\/index.php\/hospitalarios\/","og_site_name":"M\u00e1s que una cl\u00ednica, una experiencia en salud | Azul Cima","article_modified_time":"2025-08-13T22:00:42+00:00","twitter_card":"summary_large_image","twitter_misc":{"Tiempo de lectura":"1 minuto"},"schema":{"@context":"https:\/\/schema.org","@graph":[{"@type":"WebPage","@id":"https:\/\/azulcima.com\/index.php\/hospitalarios\/","url":"https:\/\/azulcima.com\/index.php\/hospitalarios\/","name":"Hospitalarios | Azul Cima | Im\u00e1genes diagnosticas Bogot\u00e1","isPartOf":{"@id":"https:\/\/azulcima.com\/#website"},"datePublished":"2020-07-30T08:18:50+00:00","dateModified":"2025-08-13T22:00:42+00:00","description":"Conoce m\u00e1s informaci\u00f3n sobre los servicios hospitalaraios que tenemos desponibles en Azul Cima especialmente para ti.","breadcrumb":{"@id":"https:\/\/azulcima.com\/index.php\/hospitalarios\/#breadcrumb"},"inLanguage":"es-CO","potentialAction":[{"@type":"ReadAction","target":["https:\/\/azulcima.com\/index.php\/hospitalarios\/"]}]},{"@type":"BreadcrumbList","@id":"https:\/\/azulcima.com\/index.php\/hospitalarios\/#breadcrumb","itemListElement":[{"@type":"ListItem","position":1,"name":"Home","item":"https:\/\/azulcima.com\/"},{"@type":"ListItem","position":2,"name":"Hospitalarios"}]},{"@type":"WebSite","@id":"https:\/\/azulcima.com\/#website","url":"https:\/\/azulcima.com\/","name":"M\u00e1s que una cl\u00ednica, una experiencia en salud | Azul Cima","description":"M\u00e1s que una cl\u00ednica, una experiencia en salud |  Somos Azul Cima una de las m\u00e1s innovadoras de Colombia, pensada para brindarte una experiencia en Salud, con servicios de alta complejidad.","publisher":{"@id":"https:\/\/azulcima.com\/#organization"},"potentialAction":[{"@type":"SearchAction","target":{"@type":"EntryPoint","urlTemplate":"https:\/\/azulcima.com\/?s={search_term_string}"},"query-input":{"@type":"PropertyValueSpecification","valueRequired":true,"valueName":"search_term_string"}}],"inLanguage":"es-CO"},{"@type":"Organization","@id":"https:\/\/azulcima.com\/#organization","name":"Clinica Azul - Una Experiencia en Salud","url":"https:\/\/azulcima.com\/","logo":{"@type":"ImageObject","inLanguage":"es-CO","@id":"https:\/\/azulcima.com\/#\/schema\/logo\/image\/","url":"http:\/\/azulcima.com\/wp-content\/uploads\/2020\/05\/logo_clinicaAzul_color2X.png","contentUrl":"http:\/\/azulcima.com\/wp-content\/uploads\/2020\/05\/logo_clinicaAzul_color2X.png","width":664,"height":132,"caption":"Clinica Azul - Una Experiencia en Salud"},"image":{"@id":"https:\/\/azulcima.com\/#\/schema\/logo\/image\/"}}]}},"_links":{"self":[{"href":"https:\/\/azulcima.com\/index.php\/wp-json\/wp\/v2\/pages\/9697"}],"collection":[{"href":"https:\/\/azulcima.com\/index.php\/wp-json\/wp\/v2\/pages"}],"about":[{"href":"https:\/\/azulcima.com\/index.php\/wp-json\/wp\/v2\/types\/page"}],"author":[{"embeddable":true,"href":"https:\/\/azulcima.com\/index.php\/wp-json\/wp\/v2\/users\/3"}],"replies":[{"embeddable":true,"href":"https:\/\/azulcima.com\/index.php\/wp-json\/wp\/v2\/comments?post=9697"}],"version-history":[{"count":72,"href":"https:\/\/azulcima.com\/index.php\/wp-json\/wp\/v2\/pages\/9697\/revisions"}],"predecessor-version":[{"id":10007,"href":"https:\/\/azulcima.com\/index.php\/wp-json\/wp\/v2\/pages\/9697\/revisions\/10007"}],"wp:attachment":[{"href":"https:\/\/azulcima.com\/index.php\/wp-json\/wp\/v2\/media?parent=9697"}],"curies":[{"name":"wp","href":"https:\/\/api.w.org\/{rel}","templated":true}]}}